 + 5 = g - 13. Calculate the remainder when g is divided by r.
10
Let m = 2 - -3. Suppose b + 136 = m*v - 124, -3*b - 270 = -5*v. What is the remainder when v is divided by 18?
15
Suppose -j = l - 0 - 52, 0 = 2*l + 3*j - 99. Suppose -2*t = 3*t - 100. Calculate the remainder when l is divided by t.
17
Let l = 18 + -15. Suppose u + 18 = l*u + 3*a, -8 = 4*a. Calculate the remainder when u is divided by 5.
2
Calculate the remainder when -3*(-4 + (3 - 28)) + -4 is divided by 14.
13
Let h be (-1)/3 + (-548)/(-6). Let s = h - 51. Suppose -3*l + 3*i = -51, 6*l - l = -4*i + s. Calculate the remainder when 22 is divided by l.
10
Suppose 3*n + 3 = 0, 3*c + 2*n - 121 = -0*c. Calculate the remainder when c is divided by 14.
13
Let r = -6 + 8. Suppose -2*j = r*j + 80. Let a = j + 41. What is the remainder when a is divided by 11?
10
Let x be 2*8 + -1*1. Suppose -2*m - m = -x. Let d(g) = -g**3 + 13*g**2 + 13*g + 17. Calculate the remainder when m is divided by d(14).
2
Suppose 2 = 4*o - 6. Suppose -5*f + 2*z + 120 = 0, -5*f = o*z - 34 - 66. Calculate the remainder when 107 is divided by f.
19
Suppose -3*t + 73 = -191. What is the remainder when t is divided by 18?
16
Let x = -9 - -26. Let j(b) = b**3 + 3*b**2 - 2*b + 4. What is the remainder when x is divided by j(-3)?
7
Let h(k) = k**2 - 1. Let t be (-4)/(-6)*(3 + -6). Let y be h(t). Calculate the remainder when y/((-6)/(-4)) + 10 is divided by 7.
5
Let r be 7*(-3)/(-2 - -5). Let p(a) = a**3 + 8*a**2 + 3*a. Calculate the remainder when p(r) is divided by 10.
8
Suppose -5*q + 110 = 5*a, 80 = 3*a - 2*q + 24. Calculate the remainder when a is divided by 11.
9
Calculate the remainder when (-4)/(-44)*-2 - 2402/(-22) is divided by 22.
21
Let f(w) = -7*w - 3. Let s be (-22)/6 + (-8)/24. Let i be f(s). Suppose -r + i = -0*r. What is the remainder when r is divided by 13?
12
Let j be 4/(-6) + (-260)/(-12). Suppose g + 2*g - j = 0. What is the remainder when g is divided by 3?
1
Let d(y) = y**2 + 21*y + 22. Calculate the remainder when 5 is divided by d(-20).
1
Let x(z) = -z**3 + 17*z**2 + 19*z + 20. Calculate the remainder when x(18) is divided by 20.
18
Let z = -23 - -43. Calculate the remainder when 53 is divided by z.
13
Suppose 0*g - 35 = -4*g - 3*z, -2*g = 4*z - 30. Calculate the remainder when 22 is divided by g.
2
Let r = 28 - 3. Let i be 0 + 0/(-1) + 4. Suppose 0*q = i*q - 36. Calculate the remainder when r is divided by q.
7
Let x be 0 + -3 - 18/6. Let w be (6/(-4))/(x/(-16)). What is the remainder when 2/8 - 55/w is divided by 5?
4
Let u = 19 - -16. Let l(p) = -3*p. Calculate the remainder when u is divided by l(-4).
11
Let i = -26 + 45. Let f = 89 + -53. Calculate the remainder when f is divided by i.
17
Suppose -c = -5*s - 29 - 9, -2*c = 5*s - 31. Let j = c - 13. Calculate the remainder when j is divided by 6.
4
Let h be 1 + -3 + 2 - -10. What is the remainder when 50/4*16/h is divided by (-316)/(-44) - 8/44?
6
Let p(s) = s**2 + 4*s + 2. Let l be 4/((-2)/4*2). What is the remainder when 5 is divided by p(l)?
1
Let m(p) = p**2 + 11*p + 14. Calculate the remainder when 39 is divided by m(-11).
11
Let q(j) = -10*j + 5. Let a(z) = z**2 + 8*z + 12. Calculate the remainder when q(-3) is divided by a(-8).
11
Let j = -36 + 57. What is the remainder when 80 is divided by j?
17
Suppose 0 = -4*g + 4*f + 12, 0 = -10*g + 5*g + 4*f + 18. Suppose -4*y + y = -g. Suppose -4 = -2*c + y. What is the remainder when 4 is divided by c?
1
Let m(j) = -j**3 + 5*j**2 + 4*j - 1. Let h be m(4). Let q = 47 - h. What is the remainder when 23 is divided by (-1 + -2)/((-6)/q)?
7
Suppose -27*w = -29*w + 44. What is the remainder when w is divided by ((-4)/5)/(3/(-30))?
6
Let f = 86 - 45. Let s = 2 - 0. What is the remainder when f is divided by 0*s/4 + 14?
13
Suppose 4*c - n = 11, 4*n = -5*c + 3*n + 7. Suppose 0 = -c*z - 0*z + 72. Suppose -14 = -5*d + z. Calculate the remainder when d is divided by 6.
4
Suppose -3*h = 3*y + 9, 2*y = -4 - 6. Let u = 16 - h. What is the remainder when 26 is divided by u?
12
Let j(v) = -2*v - 15. Let g be j(-10). Suppose 22 = g*w + 3*p, 0 = 7*w - 2*w + p - 24. Suppose -4*l - 9 = -5*l. What is the remainder when l is divided by w?
4
Suppose t - 6*p - 33 = -p, -4*t = 4*p - 132. Calculate the remainder when t is divided by 17.
16
Suppose 5*y - 65 = -0*y. Suppose -o + 100 = 4*j + 286, 5*o = 5*j - 955. What is the remainder when ((-6)/(-15))/((-2)/o) is divided by y?
12
Let b(x) = -x**3 - 8*x**2 - 2*x - 5. Let a = -4 - -10. Suppose 0 = -m + 26 + a. What is the remainder when m is divided by b(-8)?
10
Calculate the remainder when (-580)/(-16) + (-1)/4 is divided by 10.
6
What is the remainder when 87 is divided by 45/(4*(-9)/(-24))?
27
Suppose -f = 2*f - 4*h - 16, -3*f + h + 22 = 0. Let n = 4 + 1. What is the remainder when f is divided by n?
3
Suppose 2*a = 5*a - 6. Suppose 123 = n + a*n. What is the remainder when n is divided by 14?
13
Suppose -8 = -y - v, -4*y - v + 5*v + 24 = 0. Let g be (y/2)/(1/(-2)). Let l = g - -20. What is the remainder when 37 is divided by l?
11
Suppose 0 = 3*s + s - 48. Suppose 2*m - 7 - 1 = 0. Suppose 4*x + 24 = 4*v + 144, 3*x + m*v - 125 = 0. Calculate the remainder when x is divided by s.
11
Suppose 5*g + z = 29, -z = -4*g + 4*z. Let d(s) = 3*s**2 - 7*s + 5. What is the remainder when d(g) is divided by 23?
22
Suppose 0*h = h - 5*o + 8, 4*o = 12. What is the remainder when 18 is divided by h?
4
Let v be 5/(-10) + 35/2. Let t = 38 - v. Suppose 2*o + o = t. Calculate the remainder when 19 is divided by o.
5
Let c(p) = p**2 + 3*p + 2. Let r be c(4). What is the remainder when 28 is divided by (4/(-6))/((-2)/r)?
8
Let d(q) = -7 - 25*q + 4 + 2. Calculate the remainder when d(-1) is divided by (68/(-8) - -4)*-2.
6
Suppose 2*f = -2*f + 5*v + 130, 0 = -4*f - v + 118. Calculate the remainder when f/(-4)*20/(-15) is divided by 4.
2
Suppose -33 = 2*w - 5*w. Calculate the remainder when 52 is divided by w.
8
Let q(t) = -t - 17. Calculate the remainder when 21 is divided by q(-23).
3
What is the remainder when 78 is divided by (6*4/(-15))/((-16)/200)?
18
Let l(a) = -a**2 + a + 1. Let x(d) = -d**3 - 7*d**2 - d + 9. Let u(c) = -2*l(c) - x(c). What is the remainder when u(-8) is divided by (-4)/10 - (-107)/5?
19
Calculate the remainder when (-6 - -3) + 85 + -3 is divided by 40.
39
Suppose -n - 21 = -78. Calculate the remainder when n is divided by 15.
12
Suppose 44 = 5*v - v - 2*z, -5*z = -20. What is the remainder when v is divided by 5?
3
Suppose 2*g - 2*s - 11 - 19 = 0, -g + 31 = -5*s. Calculate the remainder when 3/9*g*6 is divided by (-26)/(-3) + (-4)/6.
6
Suppose -g + 3 = 2*g. Let w be -13*(6/3)/(-2). Let z = w - g. What is the remainder when 35 is divided by z?
11
Suppose 6*x - 3*x - 162 = 0. Suppose -2*t = t - x. What is the remainder when 52 is divided by t?
16
Calculate the remainder when 90 is divided by -2 + (-1)/(2/6) + 18.
12
Suppose 3*d + 2*d = 65. Let r(z) = -z**2 - 5*z + 8. Let p be r(-6). Suppose -w = p*v - 44, -3*v + 6*v = 2*w + 80. What is the remainder when v is divided by d?
11
Let l be (6/(-1))/3 + 4. Suppose -w = l*w - 15. Let a(u) = u**3 - 4*u**2 - 3*u + 6. What is the remainder when a(w) is divided by 9?
7
Suppose 20 = 5*u - u - 5*o, 2 = -u + 3*o. Suppose n = 3*z - 48, 2*z - 2*n - 14 - 14 = 0. Calculate the remainder when z is divided by u.
7
Let d(n) = 2*n**2 - 4*n - 5. Calculate the remainder when d(4) is divided by 3.
2
Suppose 3*l - 22 = 11. Let x = -63 - -69. Calculate the remainder when l is divided by x.
5
Let d be (-71)/(-2)*(2 + -4). What is the remainder when 2/(-10) + d/(-5) is divided by 8?
6
Suppose -3*g + 2*g = 4. Let o be 2/g*0 + 0. Suppose -4*z + 0*z + 92 = o. Calculate the remainder when z is divided by 12.
11
Let g = -42 + 121. Calculate the remainder when g is divided by 31.
17
Let r be 2/7 + 60/35. Suppose 0 = -a - 1, s - 5 = -0*s + 4*a. Calculate the remainder when r*(s - (-4 - -1)) is divided by 5.
3
Suppose -2*o = -m - 2*m + 12, -5*o + 45 = 5*m. Suppose -m*n + 2*n = -28. What is the remainder when n is divided by 3?
1
Let i(l) = -33*l - 13. What is the remainder when i(-3) is divided by (-178)/(-8) - 2/8?
20
Suppose 5*g = g + 152. Calculate the remainder when g is divided by 6.
2
Suppose -2*q + 160 = -52. What is the remainder when q is divid